5449740?
4
What is the millions digit of 6696704405?
6
What is the ten millions digit of 1256093543?
5
What is the hundred thousands digit of 23058486?
0
What is the ten millions digit of 57336144?
5
What is the hundred thousands digit of 1347131638?
1
What is the hundred thousands digit of 192567073?
5
What is the hundred millions digit of 4901447954?
9
What is the hundred thousands digit of 792854889?
8
What is the millions digit of 153218611?
3
What is the ten thousands digit of 1723438422?
3
What is the hundred millions digit of 472481310?
4
What is the hundred thousands digit of 3168313869?
3
What is the tens digit of 16415420?
2
What is the hundred thousands digit of 175424686?
4
What is the millions digit of 582510747?
2
What is the tens digit of 33123572?
7
What is the ten thousands digit of 54658949?
5
What is the units digit of 43599298?
8
What is the tens digit of 1936806796?
9
What is the tens digit of 1946896591?
9
What is the ten millions digit of 125940079?
2
What is the hundreds digit of 381011932?
9
What is the ten millions digit of 3097056277?
9
What is the units digit of 676073401?
1
What is the units digit of 29569342?
2
What is the millions digit of 510845554?
0
What is the hundred millions digit of 1760734955?
7
What is the millions digit of 205168611?
5
What is the units digit of 29933887?
7
What is the hundreds digit of 61473548?
5
What is the ten thousands digit of 7860172932?
7
What is the hundred millions digit of 1464129041?
4
What is the tens digit of 932448230?
3
What is the hundred thousands digit of 37574474?
5
What is the hundred thousands digit of 61587900?
5
What is the tens digit of 28497706?
0
What is the tens digit of 1101086308?
0
What is the tens digit of 116510095?
9
What is the units digit of 2153656169?
9
What is the thousands digit of 111992918?
2
What is the thousands digit of 2059957470?
7
What is the millions digit of 43684075?
3
What is the thousands digit of 369803899?
3
What is the ten millions digit of 109477417?
0
What is the ten thousands digit of 179374347?
7
What is the ten thousands digit of 263590599?
9
What is the hundreds digit of 37759187?
1
What is the thousands digit of 2246860195?
0
What is the ten millions digit of 62490634?
6
What is the hundreds digit of 152288802?
8
What is the tens digit of 113285830?
3
What is the tens digit of 469553222?
2
What is the ten thousands digit of 1469232666?
3
What is the ten millions digit of 344949198?
4
What is the tens digit of 221890513?
1
What is the ten thousands digit of 231204828?
0
What is the millions digit of 3876256?
3
What is the hundred thousands digit of 13294919?
2
What is the hundred millions digit of 163035434?
1
What is the units digit of 1774660714?
4
What is the units digit of 67896983?
3
What is the thousands digit of 37618681?
8
What is the billions digit of 2434223628?
2
What is the ten thousands digit of 133532213?
3
What is the thousands digit of 35259301?
9
What is the units digit of 97170917?
7
What is the hundred thousands digit of 98892441?
8
What is the tens digit of 3529892394?
9
What is the hundreds digit of 24275363?
3
What is the hundred millions digit of 157276838?
1
What is the hundred thousands digit of 1116492067?
4
What is the hundred thousands digit of 186479920?
4
What is the hundreds digit of 590813427?
4
What is the units digit of 73580717?
7
What is the tens digit of 146102473?
7
What is the hundred thousands digit of 5880191?
8
What is the tens digit of 83799724?
2
What is the hundreds digit of 3136896683?
6
What is the tens digit of 103223734?
3
What is the ten thousands digit of 26362070?
6
What is the billions digit of 1098895080?
1
What is the millions digit of 466939613?
6
What is the hundreds digit of 1533042338?
3
What is the units digit of 5969397?
7
What is the tens digit of 1279928841?
4
What is the thousands digit of 936826731?
6
What is the ten millions digit of 145852100?
4
What is the millions digit of 577079496?
7
What is the hundred millions digit of 333214344?
3
What is the hundred thousands digit of 125697298?
6
What is the millions digit of 1155710779?
5
What is the billions digit of 3946843535?
3
What is the millions digit of 202296800?
2
What is the billions digit of 1072393706?
1
What is the tens digit of 49939588?
8
What is the thousands digit of 752445677?
5
What is the ten thousands digit of 291312074?
1
What is the ten thousands digit of 15243010?
4
What is the millions digit of 63899026?
3
What is the thousands digit of 19456938?
6
What is the units digit of 54714809?
9
What is the hundreds digit of 104946276?
2
What is the hundred millions digit of 126371819?
1
What is the hundred thousands digit of 9715408?
7
What is the ten millions digit of 2309955114?
0
What is the hundreds digit of 235063568?
5
What is the thousands digit of 121860049?
0
What is the units digit of 154787119?
9
What is the units digit of 799750013?
3
What is the units digit of 5062026?
6
What is the hundred millions digit of 485172964?
4
What is the thousands digit of 356505777?
5
What is the ten millions digit of 368305427?
6
What is the ten millions digit of 522819303?
2
What is the hundred thousands digit of 486530529?
5
What is the thousands digit of 4931384040?
4
What is the millions digit of 118908288?
8
What is the billions digit of 3668649896?
3
What is the hundred thousands digit of 22235896?
2
What is the millions digit of 36568335?
6
What is the ten millions digit of 986762416?
8
What is the tens digit of 2162183071?
7
What is the units digit of 1423943917?
7
What is the units digit of 72913347?
7
What is the millions digit of 641778491?
1
What is the thousands digit of 2245449609?
9
What is the ten millions digit of 138436551?
3
What is the hundred millions digit of 216229103?
2
What is the thousands digit of 2721633822?
3
What is the hundreds digit of 1860685484?
4
What is the hundred millions digit of 5087576434?
0
What is the hundred millions digit of 101776953?
1
What is the ten thousands digit of 1013345879?
4
What is the thousands digit of 171717534?
7
What is the ten millions digit of 5010985301?
1
What is the hundreds digit of 3212507247?
2
What is the ten thousands digit of 418344461?
4
What is the units digit of 69129993?
3
What is the hundreds digit of 47866086?
0
What is the tens digit of 119127694?
9
What is the hundreds digit of 34471501?
5
What is the hundred thousands digit of 42694491?
6
What is the millions digit of 1004157276?
4
What is the ten thousands digit of 36896628?
9
What is the tens digit of 1805148597?
9
What is the ten millions digit of 31174621?
3
What is the millions digit of 18744419?
8
What is the hundred thousands digit of 1014936136?
9
What is the units digit of 2959691284?
4
What is the hundred thousands digit of 13342984?
3
What is the thousands digit of 167213474?
3
What is the units digit of 60822240?
0
What is the thousands digit of 1636052696?
2
What is the ten thousands digit of 94845285?
4
What is the tens digit of 131158507?
0
What is the thousands digit of 1945058055?
8
What is the hundred thousands digit of 18065821?
0
What is the thousands digit of 108213840?
3
What is the tens digit of 116921670?
7
What is the tens digit of 46895684?
8
What is the units digit of 185641439?
9
What is the tens digit of 2375974598?
9
What is the ten thousands digit of 1546349827?
4
What is the units digit of 44286182?
2
What is the tens digit of 33930693?
9
What is the ten millions digit of 43231681?
4
What is the ten millions digit of 383734316?
8
What is the units digit of 2034931?
1
What is the thousands digit of 536733023?
3
What is the hundred thousands digit of 560761068?
7
What is the hundreds digit of 77953610?
6
What is the thousands digit of 66554979?
4
What is the thousands digit of 28833661?
3
What is the hundred thousands digit of 663391766?
3
What is the millions digit of 55583869?
5
What is the hundred millions digit of 1193403531?
1
What is the hundred thousands digit of 144341592?
3
What is the hundreds digit of 19532596?
5
What is the units digit of 563425857?
7
What is the tens digit of 8411526418?
1
What is the hundreds digit of 9241387?
3
What is the hundred thousands digit of 325383331?
3
What is the ten thousands digit of 533101440?
0
